{"id":1314,"date":"2019-10-07T23:33:12","date_gmt":"2019-10-07T21:33:12","guid":{"rendered":"https:\/\/www.lag-gedenken-in-hessen.de\/?page_id=1314"},"modified":"2022-09-24T18:42:24","modified_gmt":"2022-09-24T16:42:24","slug":"mitglied-werden","status":"publish","type":"page","link":"https:\/\/www.lag-gedenken-in-hessen.de\/?page_id=1314","title":{"rendered":"Mitglied werden"},"content":{"rendered":"\n<p><strong>Bitte unterst\u00fctzen Sie die Arbeit der LAG-Hessen durch die Mitgliedschaft auch Ihrer Gedenkst\u00e4tte oder Erinnerungsinitiative zur NS-Zeit in Hessen.<\/strong><\/p>\n<p><strong>F\u00fcr die Randbedingungen beachten sie&nbsp; bitte die Richtlinien der LAG<\/strong><br><strong>vor allem im Unterpunkt 3, die sie in G\u00e4nze im Untermen\u00fc: <a href=\"https:\/\/www.lag-gedenken-in-hessen.de\/?page_id=6\">DIE LAG -&gt; Richtlinien<\/a> nachlesen k\u00f6nnen.<\/strong><\/p>\n<blockquote>\n<p><strong>3. Mitgliedschaft<\/strong><\/p>\n<p><strong>3.1&nbsp;Mitglied in der LAG k\u00f6nnen Gedenkst\u00e4tten und Erinnerungsinitiativen, deren Tr\u00e4gervereine, sowie juristische Personen werden, welche diese Richtlinien anerkennen und die darin formulierten Ziele verfolgen. Wenn an einem Ort der Erinnerung an die NS-Diktatur keine Initiative t\u00e4tig ist, kann bis zu deren Gr\u00fcndung auch eine engagierte Einzelperson Mitglied der LAG sein.<\/strong><\/p>\n<p><strong>3.2&nbsp;Die Mitgliedschaft wird erworben durch schriftlichen Antrag, der beim Sprecherrat einzureichen ist. Er entscheidet \u00fcber die Aufnahme.<\/strong><br><strong>3.3&nbsp;Gegen die Ablehnung eines Antrages auf Mitgliedschaft kann Einspruch eingelegt werden, \u00fcber den die Delegiertenversammlung der LAG endg\u00fcltig entscheidet.<\/strong><\/p>\n<\/blockquote>\n<p><strong>Mit weiteren Fragen wenden sie sich bitte an ein Mitglied des Sprecherrrats, bei dem sie auch &#8211; nach Ausf\u00fcllen eines Beitrittsantrags &#8211; die Mitgliedschaft beantragen k\u00f6nnen (siehe unter&nbsp; <a href=\"https:\/\/www.lag-gedenken-in-hessen.de\/?page_id=8\">DIE LAG-&gt;Sprecherrat<\/a>).<\/strong><\/p>\n<p><strong>Einen Beitrittsantrag k\u00f6nnen sie hier als <a href=\"https:\/\/www.lag-gedenken-in-hessen.de\/wp-content\/uploads\/Beitrittserkla%CC%88rung-LAG.pdf\">PDF Herunterladen<\/a>.<\/strong><\/p>\n<p>&nbsp;<\/p>\n<p><strong><span style=\"text-decoration: underline;\">Und noch eine Bitte:<\/span>&nbsp; wenn sie die Darstellung ihrer noch nicht vertretenen Gedenkst\u00e4tte oder Erinnerungsinitiative auf dieser Website w\u00fcnschen, so senden Sie bitte &#8211; nach Beitritt und Kontaktaufnahme\/ Best\u00e4tigung durch den&nbsp; Sprecherrat &#8211; die erforderlichen Materialien an den Webmaster (Text- und Bilddateien (auch Logo) in guter Aufl\u00f6sung, bitte keine pdf-Dateien).<\/strong><\/p>\n<p><strong>Bitte passen Sie Ihre Darstellung und Texte dabei dem \u00fcblichen (tabellarischen) Musterschema an: links die Benennung, rechts zugeh\u00f6rige&nbsp; Inhalte\/Texte. Orientieren sie sich hinsichtlich der Benennungen und aufgef\u00fchrten Unterpunkte bitte an den Seiten der anderen Initiativen &#8211; wobei hier eine bereits &#8222;historisch gewachsene&#8220; Individualit\u00e4t und Unterschiedlichkeit herrscht, die nicht unn\u00f6tig in ein zu strenges Korsett gepresst werden soll.<\/strong><\/p>\n<p><strong>Die \u00dcbernahme und Aufbereitung&nbsp; f\u00fcr die Online-Darstellung&nbsp; erfolgt nach R\u00fccksprache mit dem Sprecherrat.<\/strong><\/p>\n\n\n<div class='printomatic pom-default ' id='id5797' alt='Seitentext drucken' title='Seitentext drucken' data-print_target='article'><\/div>\n","protected":false},"excerpt":{"rendered":"<p>Bitte unterst\u00fctzen Sie die Arbeit der LAG-Hessen durch die Mitgliedschaft auch Ihrer Gedenkst\u00e4tte oder Erinnerungsinitiative zur NS-Zeit in Hessen. F\u00fcr die Randbedingungen beachten sie&nbsp; bitte die Richtlinien der LAGvor allem im Unterpunkt 3, die sie in G\u00e4nze im Untermen\u00fc: DIE LAG -&gt; Richtlinien nachlesen k\u00f6nnen. 3. Mitgliedschaft 3.1&nbsp;Mitglied in der LAG k\u00f6nnen Gedenkst\u00e4tten und Erinnerungsinitiativen, &#8230; <span class=\"more\"><a class=\"more-link\" href=\"https:\/\/www.lag-gedenken-in-hessen.de\/?page_id=1314\">[weiterlesen&#8230;]<\/a><\/span><\/p>\n","protected":false},"author":1,"featured_media":0,"parent":0,"menu_order":0,"comment_status":"closed","ping_status":"closed","template":"page-full-width.php","meta":{"footnotes":""},"class_list":["entry","page","publish","author-admin","post-1314"],"_links":{"self":[{"href":"https:\/\/www.lag-gedenken-in-hessen.de\/index.php?rest_route=\/wp\/v2\/pages\/1314","targetHints":{"allow":["GET"]}}],"collection":[{"href":"https:\/\/www.lag-gedenken-in-hessen.de\/index.php?rest_route=\/wp\/v2\/pages"}],"about":[{"href":"https:\/\/www.lag-gedenken-in-hessen.de\/index.php?rest_route=\/wp\/v2\/types\/page"}],"author":[{"embeddable":true,"href":"https:\/\/www.lag-gedenken-in-hessen.de\/index.php?rest_route=\/wp\/v2\/users\/1"}],"replies":[{"embeddable":true,"href":"https:\/\/www.lag-gedenken-in-hessen.de\/index.php?rest_route=%2Fwp%2Fv2%2Fcomments&post=1314"}],"version-history":[{"count":15,"href":"https:\/\/www.lag-gedenken-in-hessen.de\/index.php?rest_route=\/wp\/v2\/pages\/1314\/revisions"}],"predecessor-version":[{"id":1505,"href":"https:\/\/www.lag-gedenken-in-hessen.de\/index.php?rest_route=\/wp\/v2\/pages\/1314\/revisions\/1505"}],"wp:attachment":[{"href":"https:\/\/www.lag-gedenken-in-hessen.de\/index.php?rest_route=%2Fwp%2Fv2%2Fmedia&parent=1314"}],"curies":[{"name":"wp","href":"https:\/\/api.w.org\/{rel}","templated":true}]}}