{"id":1675,"date":"2023-02-05T19:00:24","date_gmt":"2023-02-05T18:00:24","guid":{"rendered":"https:\/\/www.lag-gedenken-in-hessen.de\/?page_id=1675"},"modified":"2023-02-05T19:27:57","modified_gmt":"2023-02-05T18:27:57","slug":"gedenkort-polenkreuz","status":"publish","type":"page","link":"https:\/\/www.lag-gedenken-in-hessen.de\/?page_id=1675","title":{"rendered":"Gedenkort Polenkreuz"},"content":{"rendered":"<div class=\"wp-block-image\">\n<figure class=\"aligncenter size-full is-resized\"><img loading=\"lazy\" decoding=\"async\" src=\"https:\/\/www.lag-gedenken-in-hessen.de\/wp-content\/uploads\/Polenkreuz_001.jpg\" alt=\"\" class=\"wp-image-1677\" width=\"512\" height=\"768\" srcset=\"https:\/\/www.lag-gedenken-in-hessen.de\/wp-content\/uploads\/Polenkreuz_001.jpg 683w, https:\/\/www.lag-gedenken-in-hessen.de\/wp-content\/uploads\/Polenkreuz_001-200x300.jpg 200w\" sizes=\"auto, (max-width: 512px) 100vw, 512px\" \/><\/figure>\n<\/div>\n\n\n<table id=\"tablepress-51\" class=\"tablepress tablepress-id-51\">\n<tbody class=\"row-striping row-hover\">\n<tr class=\"row-1\">\n\t<td class=\"column-1\"><b>Kurzbeschreibung:<\/b><\/td><td class=\"column-2\">Das Polenkreuz erinnert an die willk\u00fcrliche Ermordung von 6 polnischen Juden aus dem Lager Breitenau 1942, als Vergeltungsaktion der Gestapo f\u00fcr die Flucht eines Zwangsarbeiters, der dabei seinen Bewacher umbrachte. <\/td>\n<\/tr>\n<tr class=\"row-2\">\n\t<td class=\"column-1\"><strong>Tr\u00e4ger\/ Initiative<\/strong><\/td><td class=\"column-2\">keine direkte Tr\u00e4gerschaft &#8211;<br \/>\nDer Geschichtsverein Itter-Herzhausen , der F\u00f6rderverein Synagoge V\u00f6hl und die evangelische Kirche organisieren dort alle 5 Jahre eine Gedenkfeier.<\/td>\n<\/tr>\n<tr class=\"row-3\">\n\t<td class=\"column-1\"><strong>Inhalt<\/strong><\/td><td class=\"column-2\"><strong>Was damals geschah:<\/strong><br \/>\nDer Herzh\u00e4user Hilfspolizist Fritz Hamel sollte am 22. November 1942 den 27j\u00e4hrigen polnischen Zwangsarbeiter Nikolay Gluszko, der in das Korbacher Gef\u00e4ngnis \u00fcberf\u00fchrt werden sollte, auf einem Waldweg am Edersee entlang zum Bahnhof nach Herzhausen bringen. Kurz vor Herzhausen t\u00f6tete Gluszko den 50j\u00e4hrigen Hamel und versteckte sich in den W\u00e4ldern. Polizisten und Soldaten suchten ihn vergebens. Das NS-Regime entschied sich zum \u201eS\u00fchnemord\u201c. <br \/>\nAm 19. Dezember 1942 holte die Geheime Staatspolizei 6 polnische Juden aus dem Lager Breitenau auf eine Wiese bei Herzhausen, teilte ihnen dort mit, dass sie zum Tode verurteilt seien und erh\u00e4ngte sie. Anschlie\u00dfend mussten die in der Region besch\u00e4ftigten polnischen Zwangsarbeiter \u2013 es waren mehrere Hundert &#8211; an den Galgen vor\u00fcbergehen. Anton Janicki (18 Jahre), Kazimierz Stephan (18), Anton Cieply (31), Marian Orlowski (29), Miecyslaw Kolchynski (24) und Jan Wojcik (21) waren willk\u00fcrlich ausgew\u00e4hlte Opfer. <br \/>\nDie Suche nach Nikolay Gluszko wurde fortgesetzt. Am 19. Januar 1943 fand man ihn in einer Erdh\u00f6hle s\u00fcdlich des Edersees. Man warf eine Handgranate in die H\u00f6hle, an der er entweder in der H\u00f6hle oder etwas sp\u00e4ter im Krankenhaus Korbach \u2013 dar\u00fcber gibt es verschiedene Versionen \u2013 starb. <br \/>\n<br \/>\n<strong>Die Gedenkst\u00e4tte\/ Denkmal:<\/strong><br \/>\nIn der N\u00e4he der Wiese, auf der die Hinrichtung stattfand, wurde nach Kriegsende ein gro\u00dfes Kreuz aufgestellt; dort findet alle f\u00fcnf Jahre eine Gedenkfeier statt. Organisatoren sind der Geschichtsverein Itter-Hessenstein und der F\u00f6rderkreis Synagoge in V\u00f6hl; die evangelische Kirche wirkt mit. H\u00e4ufige G\u00e4ste sind Vertreter des polnischen Generalkonsulats in K\u00f6ln. <br \/>\n<\/td>\n<\/tr>\n<tr class=\"row-4\">\n\t<td class=\"column-1\"><strong>Standort<\/strong><strong><\/td><td class=\"column-2\"><\/td>\n<\/tr>\n<tr class=\"row-5\">\n\t<td class=\"column-1\"><strong>Kontakt<\/strong><\/td><td class=\"column-2\">Auskunft geben k\u00f6nnen Volker K\u00f6nig (<a href=\"mailto:sasselbach@web.de\">sasselbach@web.de<\/a>) <br \/>\nund Karl-Heinz Stadtler (<a href=\"mailto:synagogevoehl@outlook.de\">synagogevoehl@outlook.de<\/a>).<\/td>\n<\/tr>\n<tr class=\"row-6\">\n\t<td class=\"column-1\"><strong>Internet<\/strong><\/td><td class=\"column-2\">Von der aktuellsten  Gedenkfeier 2022 vermittelt ein Youtube-Video einen besonders guten Eindruck.<br \/>\n<br \/>\n<code><iframe loading=\"lazy\" width=\"801\" height=\"451\" src=\"https:\/\/www.youtube.com\/embed\/m4UaHCf0p-Q\" title=\"Gedenkfeier am Polenkreuz bei Herzhausen 2022\" frameborder=\"0\" allow=\"accelerometer; clipboard-write; encrypted-media; gyroscope; picture-in-picture; web-share\" allowfullscreen><\/iframe><\/code><\/td>\n<\/tr>\n<tr class=\"row-7\">\n\t<td class=\"column-1\"><strong>Publikationen<\/strong><\/td><td class=\"column-2\">Zeitungsberichte der Hessische \/Nieders\u00e4chsischen Allgemeinen (HNA) berichten \u00fcber Gedenkfeiern am Polenkreuz.<br \/>\n<br \/>\nBei der Gedenkfeier 2012 war auch Dr. Gunnar Richter, damals Leiter der Gedenkst\u00e4tte Breitenau und bis September 2019 Gesch\u00e4ftsf\u00fchrender des Sprecherrats der LAG-Hessen anwesend. <a href=\"https:\/\/www.hna.de\/lokales\/frankenberg\/erinnern-nicht-vergessen-5390085.html\">HNA 2012<\/a><br \/>\nIm Dezember 2017 berichtete die HNA vom ersten Besuch Angeh\u00f6riger der Opfer an dem Gedenkkreuz. <a href=\"https:\/\/www.hna.de\/lokales\/frankenberg\/bei-herzhausen-ermordeter-zwangsarbeiter-am-polenkreuz-gedacht-9460659.html\">HNA2017<\/a><br \/>\n<br \/>\n<\/td>\n<\/tr>\n<\/tbody>\n<\/table>\n<!-- #tablepress-51 from cache -->\n\n<div class='printomatic pom-default ' id='id6830' alt='Seitentext drucken' title='Seitentext drucken' data-print_target='article'><\/div>\n","protected":false},"excerpt":{"rendered":"","protected":false},"author":1,"featured_media":0,"parent":0,"menu_order":0,"comment_status":"closed","ping_status":"closed","template":"page-full-width.php","meta":{"footnotes":""},"class_list":["entry","page","publish","author-admin","post-1675"],"_links":{"self":[{"href":"https:\/\/www.lag-gedenken-in-hessen.de\/index.php?rest_route=\/wp\/v2\/pages\/1675","targetHints":{"allow":["GET"]}}],"collection":[{"href":"https:\/\/www.lag-gedenken-in-hessen.de\/index.php?rest_route=\/wp\/v2\/pages"}],"about":[{"href":"https:\/\/www.lag-gedenken-in-hessen.de\/index.php?rest_route=\/wp\/v2\/types\/page"}],"author":[{"embeddable":true,"href":"https:\/\/www.lag-gedenken-in-hessen.de\/index.php?rest_route=\/wp\/v2\/users\/1"}],"replies":[{"embeddable":true,"href":"https:\/\/www.lag-gedenken-in-hessen.de\/index.php?rest_route=%2Fwp%2Fv2%2Fcomments&post=1675"}],"version-history":[{"count":7,"href":"https:\/\/www.lag-gedenken-in-hessen.de\/index.php?rest_route=\/wp\/v2\/pages\/1675\/revisions"}],"predecessor-version":[{"id":1687,"href":"https:\/\/www.lag-gedenken-in-hessen.de\/index.php?rest_route=\/wp\/v2\/pages\/1675\/revisions\/1687"}],"wp:attachment":[{"href":"https:\/\/www.lag-gedenken-in-hessen.de\/index.php?rest_route=%2Fwp%2Fv2%2Fmedia&parent=1675"}],"curies":[{"name":"wp","href":"https:\/\/api.w.org\/{rel}","templated":true}]}}

<div class="wp-block-image">
<figure class="aligncenter size-full is-resized"><img loading="lazy" decoding="async" src="https://www.lag-gedenken-in-hessen.de/wp-content/uploads/Polenkreuz_001.jpg" alt="" class="wp-image-1677" width="512" height="768" srcset="https://www.lag-gedenken-in-hessen.de/wp-content/uploads/Polenkreuz_001.jpg 683w, https://www.lag-gedenken-in-hessen.de/wp-content/uploads/Polenkreuz_001-200x300.jpg 200w" sizes="auto, (max-width: 512px) 100vw, 512px" /></figure>
</div>


<table id="tablepress-51" class="tablepress tablepress-id-51">
<tbody class="row-striping row-hover">
<tr class="row-1">
	<td class="column-1"><b>Kurzbeschreibung:</b></td><td class="column-2">Das Polenkreuz erinnert an die willkürliche Ermordung von 6 polnischen Juden aus dem Lager Breitenau 1942, als Vergeltungsaktion der Gestapo für die Flucht eines Zwangsarbeiters, der dabei seinen Bewacher umbrachte. </td>
</tr>
<tr class="row-2">
	<td class="column-1"><strong>Träger/ Initiative</strong></td><td class="column-2">keine direkte Trägerschaft &#8211;<br />
Der Geschichtsverein Itter-Herzhausen , der Förderverein Synagoge Vöhl und die evangelische Kirche organisieren dort alle 5 Jahre eine Gedenkfeier.</td>
</tr>
<tr class="row-3">
	<td class="column-1"><strong>Inhalt</strong></td><td class="column-2"><strong>Was damals geschah:</strong><br />
Der Herzhäuser Hilfspolizist Fritz Hamel sollte am 22. November 1942 den 27jährigen polnischen Zwangsarbeiter Nikolay Gluszko, der in das Korbacher Gefängnis überführt werden sollte, auf einem Waldweg am Edersee entlang zum Bahnhof nach Herzhausen bringen. Kurz vor Herzhausen tötete Gluszko den 50jährigen Hamel und versteckte sich in den Wäldern. Polizisten und Soldaten suchten ihn vergebens. Das NS-Regime entschied sich zum „Sühnemord“. <br />
Am 19. Dezember 1942 holte die Geheime Staatspolizei 6 polnische Juden aus dem Lager Breitenau auf eine Wiese bei Herzhausen, teilte ihnen dort mit, dass sie zum Tode verurteilt seien und erhängte sie. Anschließend mussten die in der Region beschäftigten polnischen Zwangsarbeiter – es waren mehrere Hundert &#8211; an den Galgen vorübergehen. Anton Janicki (18 Jahre), Kazimierz Stephan (18), Anton Cieply (31), Marian Orlowski (29), Miecyslaw Kolchynski (24) und Jan Wojcik (21) waren willkürlich ausgewählte Opfer. <br />
Die Suche nach Nikolay Gluszko wurde fortgesetzt. Am 19. Januar 1943 fand man ihn in einer Erdhöhle südlich des Edersees. Man warf eine Handgranate in die Höhle, an der er entweder in der Höhle oder etwas später im Krankenhaus Korbach – darüber gibt es verschiedene Versionen – starb. <br />
<br />
<strong>Die Gedenkstätte/ Denkmal:</strong><br />
In der Nähe der Wiese, auf der die Hinrichtung stattfand, wurde nach Kriegsende ein großes Kreuz aufgestellt; dort findet alle fünf Jahre eine Gedenkfeier statt. Organisatoren sind der Geschichtsverein Itter-Hessenstein und der Förderkreis Synagoge in Vöhl; die evangelische Kirche wirkt mit. Häufige Gäste sind Vertreter des polnischen Generalkonsulats in Köln. <br />
</td>
</tr>
<tr class="row-4">
	<td class="column-1"><strong>Standort</strong><strong></td><td class="column-2"></td>
</tr>
<tr class="row-5">
	<td class="column-1"><strong>Kontakt</strong></td><td class="column-2">Auskunft geben können Volker König (<a href="mailto:sasselbach@web.de">sasselbach@web.de</a>) <br />
und Karl-Heinz Stadtler (<a href="mailto:synagogevoehl@outlook.de">synagogevoehl@outlook.de</a>).</td>
</tr>
<tr class="row-6">
	<td class="column-1"><strong>Internet</strong></td><td class="column-2">Von der aktuellsten  Gedenkfeier 2022 vermittelt ein Youtube-Video einen besonders guten Eindruck.<br />
<br />
<code><iframe loading="lazy" width="801" height="451" src="https://www.youtube.com/embed/m4UaHCf0p-Q" title="Gedenkfeier am Polenkreuz bei Herzhausen 2022" frameborder="0" allow="accelerometer; clipboard-write; encrypted-media; gyroscope; picture-in-picture; web-share" allowfullscreen></iframe></code></td>
</tr>
<tr class="row-7">
	<td class="column-1"><strong>Publikationen</strong></td><td class="column-2">Zeitungsberichte der Hessische /Niedersächsischen Allgemeinen (HNA) berichten über Gedenkfeiern am Polenkreuz.<br />
<br />
Bei der Gedenkfeier 2012 war auch Dr. Gunnar Richter, damals Leiter der Gedenkstätte Breitenau und bis September 2019 Geschäftsführender des Sprecherrats der LAG-Hessen anwesend. <a href="https://www.hna.de/lokales/frankenberg/erinnern-nicht-vergessen-5390085.html">HNA 2012</a><br />
Im Dezember 2017 berichtete die HNA vom ersten Besuch Angehöriger der Opfer an dem Gedenkkreuz. <a href="https://www.hna.de/lokales/frankenberg/bei-herzhausen-ermordeter-zwangsarbeiter-am-polenkreuz-gedacht-9460659.html">HNA2017</a><br />
<br />
</td>
</tr>
</tbody>
</table>
<!-- #tablepress-51 from cache -->

<div class='printomatic pom-default ' id='id6830' alt='Seitentext drucken' title='Seitentext drucken' data-print_target='article'></div>
