{"id":262,"date":"2014-10-21T08:34:20","date_gmt":"2014-10-21T06:34:20","guid":{"rendered":"http:\/\/wordpress.gedenken-in-hessen.de\/?page_id=262"},"modified":"2019-09-20T22:52:57","modified_gmt":"2019-09-20T20:52:57","slug":"ettie-und-peter-gingold-erinnerungsinitiative","status":"publish","type":"page","link":"https:\/\/www.lag-gedenken-in-hessen.de\/?page_id=262","title":{"rendered":"Ettie-und-Peter-Gingold-Erinnerungsinitiative"},"content":{"rendered":"<p><img loading=\"lazy\" decoding=\"async\" class=\"aligncenter size-full wp-image-83\" src=\"https:\/\/www.lag-gedenken-in-hessen.de\/wp-content\/uploads\/Frankfurt-Etti-Gingold-logo.jpg\" alt=\"Frankfurt Etti Gingold logo\" width=\"170\" height=\"112\" \/><\/p>\n\n<table id=\"tablepress-7\" class=\"tablepress tablepress-id-7\">\n<tbody class=\"row-striping\">\n<tr class=\"row-1\">\n\t<td class=\"column-1\"><b>Kurzbeschreibung<\/b><\/td><td class=\"column-2\">Im September 2010 gr\u00fcndete sich im Frankfurter DGB-Gewerkschaftshaus die Ettie-und-Peter-Gingold-Erinnerungsinitiative. Sie will an die au\u00dfergew\u00f6hnlich engagierten j\u00fcdischen Antifaschisten, Kommunisten, Verfolgten des Naziregimes und Widerstandsk\u00e4mpfer Ettie und Peter Gingold erinnern. Unterst\u00fctzt wurde die Gr\u00fcndung von \u00fcber f\u00fcnfzig Pers\u00f6nlichkeiten aus Politik, Wissenschaft, Kultur, Gewerkschaften, j\u00fcdischen und christlichen Gemeinschaften, Sozialverb\u00e4nden und antifaschistischen Organisationen. <\/td>\n<\/tr>\n<tr class=\"row-2\">\n\t<td class=\"column-1\"><b>Tr\u00e4ger \/<br \/>\nInitiative<\/b><\/td><td class=\"column-2\">Ettie-und-Peter-Gingold-Erinnerungsinitiative<\/td>\n<\/tr>\n<tr class=\"row-3\">\n\t<td class=\"column-1\"><b>Information<\/b><\/td><td class=\"column-2\"><b>ausf\u00fchrliche Beschreibung<\/b><br \/>\n<br \/>\nEttie und Peter Gingold k\u00e4mpften als junge Emigranten w\u00e4hrend der Okkupation des faschistischen Deutschland in der franz\u00f6sischen Widerstandsbewegung R\u00e9sistance. Sie leisteten entschiedenen Widerstand unter Einsatz ihres Lebens, waren 1944 an der Befreiung von Paris beteiligt und blieben ihr Leben lang als Kommunisten und Antifaschisten in der BRD aktiv im Einsatz f\u00fcr eine freie und demokratische Gesellschaft. Insbesondere engagierten sie sich gegen jede Tendenz von neuem Faschismus, Antisemitismus und Rassismus. Als Zeitzeugen traten sie vor Schulklassen, Jugendgruppen und auf Demonstrationen und Kundgebungen auf. <br \/>\n<br \/>\nDie Stadt Frankfurt am Main ehrte Ettie und Peter Gingold 1991 mit der Verleihung der Johanna-Kirchner-Medaille. Peter Gingold erhielt 2004 von der Internationalen Liga f\u00fcr Menschenrechte die Carl-von-Ossietzky-Medaille. <br \/>\n<br \/>\n<b>Kurzbiografien<\/b><br \/>\n<br \/>\n<b>Peter Gingold<\/b> (1916 \u2013 2006) war ein profilierter Frankfurter j\u00fcdischer Antifaschist, Kommunist, Verfolgter des Naziregimes und Widerstandsk\u00e4mpfer gegen den Faschismus. <br \/>\n<br \/>\nZeit seines Lebens engagierte er sich unerm\u00fcdlich im Kampf gegen alles Faschistische, aktiv u.a. als deutscher Antifaschist in der franz\u00f6sischen Widerstandsbewegung R\u00e9sistance. In seinen letzten Lebensjahren trat er u.a. immer wieder als Zeitzeuge vor allem vor Jugendlichen, in Schulen, Jugendgruppen, in Versammlungen und Veranstaltungen auf, um aus seinem Leben, seinem Kampf und seinen Erfahrungen mit dem deutschen Faschismus zu berichten. <br \/>\n<br \/>\nDas tat er eindrucksvoll, \u00fcberzeugend und mitrei\u00dfend. Entschieden trat er alten und neuen Nazis entgegen, ebenso allem, was zu Nazismus, Rechtsextremismus, Rassismus und Antisemitismus geh\u00f6rt oder diese zu f\u00f6rdern droht. Er war und blieb ein au\u00dfergew\u00f6hnlich engagierter Antifaschist, dessen Einsatz Achtung und Anerkennung auch bei Menschen anderer politischer Auffassung und Zugeh\u00f6rigkeit fand. <br \/>\n<br \/>\nZum 50. Jahrestag der Gr\u00fcndung der Vereinigung der Verfolgten des Naziregimes \/ Bund der Antifaschistinnen und Antifaschisten (VVN\/BdA), dessen Vorstand er in den 90er Jahren bis zu seinem Tode angeh\u00f6rte, richtete Peter Gingold zusammen mit der Auschwitz-\u00dcberlebenden Esther Bejarano 1997 auf der Gedenkveranstaltung im Frankfurter Dominikanerkloster einen \u201eAppell an die Jugend\u201c, in dem es zum Schluss u.a. hei\u00dft: \u201eLasst nie zu, dass das Verm\u00e4chtnis des Widerstandes revidiert wird oder in Vergessenheit versinkt!\u201c <br \/>\n<br \/>\n<b>Ettie Gingold<\/b> (1913 \u2013 2001) lernte Peter 1936 in der Emigration in Frankreich kennen, wo sie im Januar 1940 heirateten. Ettie Gingold engagierte sich ebenfalls in der Widerstandsbewegung gegen Faschismus und Krieg. <br \/>\n<br \/>\nAls in der Bundesrepublik Deutschland mit der Remilitarisierung, R\u00fcstung und darauf folgend mit der Stationierung von Atomwaffen und Raketen begonnen wurde, geh\u00f6rte Ettie Gingold zu den aktivsten Gegnerinnen jeder R\u00fcstungs- und Kriegspolitik. Sie sammelte als einzelne Person die meisten (12.000) Unterschriften unter den Krefelder Abr\u00fcstungsappell. Zusammen mit Heinrich B\u00f6ll, Willy Brandt und Petra Kelly geh\u00f6rte sie zu den Hauptredner \/ innen auf der legend\u00e4ren Gro\u00dfkundgebung der Friedensbewegung 1983 im Bonner Hofgarten. <br \/>\n<br \/>\n<b>Angebot<\/b><br \/>\n<br \/>\nZur Erinnerungsarbeit geh\u00f6ren: Veranstaltungen der verschiedensten Art, Lesungen, Ausstellungen, Seminare, Diskussionen und Berichte; Initiativen zum Gedenken, f\u00fcr Materialsammlungen und Dokumentationen; Ausschreibung von Wettbewerben zu antifaschistischen Themen und Projekten; Fortsetzung der Erinnerungsarbeit mit Beitr\u00e4gen zu aktuellen Themen insbesondere in der Auseinandersetzung mit Neofaschismus, Rechtsextremismus, Rassismus, Antisemitismus und Geschichtsrevisionismus. <br \/>\n<\/td>\n<\/tr>\n<tr class=\"row-4\">\n\t<td class=\"column-1\"><b>Standort<\/b><\/td><td class=\"column-2\">keine permanente Ausstellung<\/td>\n<\/tr>\n<tr class=\"row-5\">\n\t<td class=\"column-1\"><b>Internet<\/b><\/td><td class=\"column-2\">eigene Website: <a href=\"http:\/\/www.gingold-initiative.de\"target=\"_blank\"><b>www.gingold-initiative.de<\/b><\/a><\/td>\n<\/tr>\n<tr class=\"row-6\">\n\t<td class=\"column-1\"><b>Publikationen<\/b><br \/>\n(Auswahl)<\/td><td class=\"column-2\">\u2022 Mathias Meyers, Tidi von Tiedemann (Autoren): Dokumentarflim \u201cZeit f\u00fcr Zeugen \u2013 Eine Hommage an Ettie und Peter Gingold\u201d; DVD, 34 Min.; Bildformat: 16:9; Sprache: Deutsch. Aktualisierte Fassung, Mai 2012. 7,50 EUR (plus 2 EUR Porto + Verpackung)<\/td>\n<\/tr>\n<\/tbody>\n<\/table>\n<!-- #tablepress-7 from cache -->\n<div class='printomatic pom-default ' id='id7726' alt='Seitentext drucken' title='Seitentext drucken' data-print_target='article'><\/div>\n","protected":false},"excerpt":{"rendered":"","protected":false},"author":1,"featured_media":0,"parent":0,"menu_order":0,"comment_status":"open","ping_status":"open","template":"page-full-width.php","meta":{"footnotes":""},"class_list":["entry","page","publish","author-admin","post-262"],"_links":{"self":[{"href":"https:\/\/www.lag-gedenken-in-hessen.de\/index.php?rest_route=\/wp\/v2\/pages\/262","targetHints":{"allow":["GET"]}}],"collection":[{"href":"https:\/\/www.lag-gedenken-in-hessen.de\/index.php?rest_route=\/wp\/v2\/pages"}],"about":[{"href":"https:\/\/www.lag-gedenken-in-hessen.de\/index.php?rest_route=\/wp\/v2\/types\/page"}],"author":[{"embeddable":true,"href":"https:\/\/www.lag-gedenken-in-hessen.de\/index.php?rest_route=\/wp\/v2\/users\/1"}],"replies":[{"embeddable":true,"href":"https:\/\/www.lag-gedenken-in-hessen.de\/index.php?rest_route=%2Fwp%2Fv2%2Fcomments&post=262"}],"version-history":[{"count":5,"href":"https:\/\/www.lag-gedenken-in-hessen.de\/index.php?rest_route=\/wp\/v2\/pages\/262\/revisions"}],"predecessor-version":[{"id":1229,"href":"https:\/\/www.lag-gedenken-in-hessen.de\/index.php?rest_route=\/wp\/v2\/pages\/262\/revisions\/1229"}],"wp:attachment":[{"href":"https:\/\/www.lag-gedenken-in-hessen.de\/index.php?rest_route=%2Fwp%2Fv2%2Fmedia&parent=262"}],"curies":[{"name":"wp","href":"https:\/\/api.w.org\/{rel}","templated":true}]}}

<p><img loading="lazy" decoding="async" class="aligncenter size-full wp-image-83" src="https://www.lag-gedenken-in-hessen.de/wp-content/uploads/Frankfurt-Etti-Gingold-logo.jpg" alt="Frankfurt Etti Gingold logo" width="170" height="112" /></p>

<table id="tablepress-7" class="tablepress tablepress-id-7">
<tbody class="row-striping">
<tr class="row-1">
	<td class="column-1"><b>Kurzbeschreibung</b></td><td class="column-2">Im September 2010 gründete sich im Frankfurter DGB-Gewerkschaftshaus die Ettie-und-Peter-Gingold-Erinnerungsinitiative. Sie will an die außergewöhnlich engagierten jüdischen Antifaschisten, Kommunisten, Verfolgten des Naziregimes und Widerstandskämpfer Ettie und Peter Gingold erinnern. Unterstützt wurde die Gründung von über fünfzig Persönlichkeiten aus Politik, Wissenschaft, Kultur, Gewerkschaften, jüdischen und christlichen Gemeinschaften, Sozialverbänden und antifaschistischen Organisationen. </td>
</tr>
<tr class="row-2">
	<td class="column-1"><b>Träger /<br />
Initiative</b></td><td class="column-2">Ettie-und-Peter-Gingold-Erinnerungsinitiative</td>
</tr>
<tr class="row-3">
	<td class="column-1"><b>Information</b></td><td class="column-2"><b>ausführliche Beschreibung</b><br />
<br />
Ettie und Peter Gingold kämpften als junge Emigranten während der Okkupation des faschistischen Deutschland in der französischen Widerstandsbewegung Résistance. Sie leisteten entschiedenen Widerstand unter Einsatz ihres Lebens, waren 1944 an der Befreiung von Paris beteiligt und blieben ihr Leben lang als Kommunisten und Antifaschisten in der BRD aktiv im Einsatz für eine freie und demokratische Gesellschaft. Insbesondere engagierten sie sich gegen jede Tendenz von neuem Faschismus, Antisemitismus und Rassismus. Als Zeitzeugen traten sie vor Schulklassen, Jugendgruppen und auf Demonstrationen und Kundgebungen auf. <br />
<br />
Die Stadt Frankfurt am Main ehrte Ettie und Peter Gingold 1991 mit der Verleihung der Johanna-Kirchner-Medaille. Peter Gingold erhielt 2004 von der Internationalen Liga für Menschenrechte die Carl-von-Ossietzky-Medaille. <br />
<br />
<b>Kurzbiografien</b><br />
<br />
<b>Peter Gingold</b> (1916 – 2006) war ein profilierter Frankfurter jüdischer Antifaschist, Kommunist, Verfolgter des Naziregimes und Widerstandskämpfer gegen den Faschismus. <br />
<br />
Zeit seines Lebens engagierte er sich unermüdlich im Kampf gegen alles Faschistische, aktiv u.a. als deutscher Antifaschist in der französischen Widerstandsbewegung Résistance. In seinen letzten Lebensjahren trat er u.a. immer wieder als Zeitzeuge vor allem vor Jugendlichen, in Schulen, Jugendgruppen, in Versammlungen und Veranstaltungen auf, um aus seinem Leben, seinem Kampf und seinen Erfahrungen mit dem deutschen Faschismus zu berichten. <br />
<br />
Das tat er eindrucksvoll, überzeugend und mitreißend. Entschieden trat er alten und neuen Nazis entgegen, ebenso allem, was zu Nazismus, Rechtsextremismus, Rassismus und Antisemitismus gehört oder diese zu fördern droht. Er war und blieb ein außergewöhnlich engagierter Antifaschist, dessen Einsatz Achtung und Anerkennung auch bei Menschen anderer politischer Auffassung und Zugehörigkeit fand. <br />
<br />
Zum 50. Jahrestag der Gründung der Vereinigung der Verfolgten des Naziregimes / Bund der Antifaschistinnen und Antifaschisten (VVN/BdA), dessen Vorstand er in den 90er Jahren bis zu seinem Tode angehörte, richtete Peter Gingold zusammen mit der Auschwitz-Überlebenden Esther Bejarano 1997 auf der Gedenkveranstaltung im Frankfurter Dominikanerkloster einen „Appell an die Jugend“, in dem es zum Schluss u.a. heißt: „Lasst nie zu, dass das Vermächtnis des Widerstandes revidiert wird oder in Vergessenheit versinkt!“ <br />
<br />
<b>Ettie Gingold</b> (1913 – 2001) lernte Peter 1936 in der Emigration in Frankreich kennen, wo sie im Januar 1940 heirateten. Ettie Gingold engagierte sich ebenfalls in der Widerstandsbewegung gegen Faschismus und Krieg. <br />
<br />
Als in der Bundesrepublik Deutschland mit der Remilitarisierung, Rüstung und darauf folgend mit der Stationierung von Atomwaffen und Raketen begonnen wurde, gehörte Ettie Gingold zu den aktivsten Gegnerinnen jeder Rüstungs- und Kriegspolitik. Sie sammelte als einzelne Person die meisten (12.000) Unterschriften unter den Krefelder Abrüstungsappell. Zusammen mit Heinrich Böll, Willy Brandt und Petra Kelly gehörte sie zu den Hauptredner / innen auf der legendären Großkundgebung der Friedensbewegung 1983 im Bonner Hofgarten. <br />
<br />
<b>Angebot</b><br />
<br />
Zur Erinnerungsarbeit gehören: Veranstaltungen der verschiedensten Art, Lesungen, Ausstellungen, Seminare, Diskussionen und Berichte; Initiativen zum Gedenken, für Materialsammlungen und Dokumentationen; Ausschreibung von Wettbewerben zu antifaschistischen Themen und Projekten; Fortsetzung der Erinnerungsarbeit mit Beiträgen zu aktuellen Themen insbesondere in der Auseinandersetzung mit Neofaschismus, Rechtsextremismus, Rassismus, Antisemitismus und Geschichtsrevisionismus. <br />
</td>
</tr>
<tr class="row-4">
	<td class="column-1"><b>Standort</b></td><td class="column-2">keine permanente Ausstellung</td>
</tr>
<tr class="row-5">
	<td class="column-1"><b>Internet</b></td><td class="column-2">eigene Website: <a href="http://www.gingold-initiative.de"target="_blank"><b>www.gingold-initiative.de</b></a></td>
</tr>
<tr class="row-6">
	<td class="column-1"><b>Publikationen</b><br />
(Auswahl)</td><td class="column-2">• Mathias Meyers, Tidi von Tiedemann (Autoren): Dokumentarflim “Zeit für Zeugen – Eine Hommage an Ettie und Peter Gingold”; DVD, 34 Min.; Bildformat: 16:9; Sprache: Deutsch. Aktualisierte Fassung, Mai 2012. 7,50 EUR (plus 2 EUR Porto + Verpackung)</td>
</tr>
</tbody>
</table>
<!-- #tablepress-7 from cache -->
<div class='printomatic pom-default ' id='id7726' alt='Seitentext drucken' title='Seitentext drucken' data-print_target='article'></div>
