{"id":326,"date":"2014-10-21T17:51:17","date_gmt":"2014-10-21T15:51:17","guid":{"rendered":"http:\/\/wordpress.gedenken-in-hessen.de\/?page_id=326"},"modified":"2019-09-20T22:48:00","modified_gmt":"2019-09-20T20:48:00","slug":"arbeitskreis-ehemalige-synagoge-kleinkrotzenburg","status":"publish","type":"page","link":"https:\/\/www.lag-gedenken-in-hessen.de\/?page_id=326","title":{"rendered":"Arbeitskreis Ehemalige Synagoge, Kleinkrotzenburg"},"content":{"rendered":"<p style=\"text-align: center;\"><img loading=\"lazy\" decoding=\"async\" class=\"aligncenter size-full wp-image-101\" src=\"https:\/\/www.lag-gedenken-in-hessen.de\/wp-content\/uploads\/Kleinkrotzenburg-Logo.jpg\" alt=\"Kleinkrotzenburg Logo\" width=\"150\" height=\"157\" \/><\/p>\n\n<table id=\"tablepress-13\" class=\"tablepress tablepress-id-13\">\n<tbody class=\"row-striping\">\n<tr class=\"row-1\">\n\t<td class=\"column-1\"><b>Tr\u00e4ger \/<br \/>\nInitiative <\/b><\/td><td class=\"column-2\">Gemeinde Hainburg und Landkreis Offenbach <br \/>\nArbeitskreis Ehemalige Synagoge <\/td>\n<\/tr>\n<tr class=\"row-2\">\n\t<td class=\"column-1\"><strong>Information<\/strong><\/td><td class=\"column-2\">Seit 1871 besa\u00df die J\u00fcdische Gemeinde Klein-Krotzenburg in der Kettelerstra\u00dfe 6 einen kleinen Betsaal und eine Mikwe sowie einen Friedhof au\u00dferhalb.  1911 beschloss die j\u00fcdische Gemeinde den Bau einer neuen Synagoge. Sie wurde am 26. Januar 1913 durch Rabbiner Dr. Goldschmidt aus Offenbach eingeweiht.  Die Synagoge wurde am 20. Juli 1938 an den Landesverband der j\u00fcdischen Gemeinden verkauft und die j\u00fcdische Gemeinde aufgel\u00f6st. Dennoch wurde sie im Novemberpogrom 1938 durch SA-Leute (SA-Standarte 168) im Inneren verw\u00fcstet und durch einen Brandanschlag vollends unbenutzbar gemacht. Wenig sp\u00e4ter ging das Synagogengeb\u00e4ude in den Besitz der Gemeinde \u00fcber, von deren Bauhof es \u00fcber Jahrzehnte als Werkstatt und Materiallager benutzt wurde.<br \/>\nDie Renovierung erfolgte mit Mitteln des Kreises Offenbach und der Gemeinde Hainburg 1995 bis 1997. Der Arbeitskreis Ehemalige Synagoge (AES) wurde 1997 gegr\u00fcndet und organisiert Besuche, Gedenk- Informations- und Kulturveranstaltungen in der einzigen noch erhaltenen Synagoge im Kreis Offenbach und erm\u00f6glicht auch Besuche des J\u00fcdischen Friedhofs Klein-Krotzenburg.<br \/>\n<\/td>\n<\/tr>\n<tr class=\"row-3\">\n\t<td class=\"column-1\"><b>Standort <\/b><\/td><td class=\"column-2\">Ehemalige Synagoge Klein-Krotzenburg, Kettelerstra\u00dfe 6, 63512 Hainburg - Klein-Krotzenburg <\/td>\n<\/tr>\n<tr class=\"row-4\">\n\t<td class=\"column-1\"><strong>Kontakt:<\/strong><\/td><td class=\"column-2\">Arbeitskreis Ehemalige Synagoge Klein-Krotzenburg: <br \/>\nPetra Herold, Uferstra\u00dfe 3 (06182-4570), Edmund Schwab, Gutenbergstra\u00dfe 15 (06182-68265) und Thorwald Ritter, Liebfrauenheidestra\u00dfe 14 (06182-69600) in 63512 Hainburg.<br \/>\nMailkontakt:  trappgarten24@gmx.de, tobschwab@t-online.de, susan.ritter@t-online.de<\/td>\n<\/tr>\n<tr class=\"row-5\">\n\t<td class=\"column-1\"><b>Internet<\/b><\/td><td class=\"column-2\">auf der Website der <a href=\"http:\/\/www.hlz.hessen.de\/index.php?id=95\"target=\"_blank\"><b>HLZ<\/b><\/a><br \/>\nauf der Website <a href=\"http:\/\/www.alemannia-judaica.de\/klein-krotzenburg_synagoge.htm\"target=\"_blank\"><b>www.alemannia-judaica.de<\/b><\/a><\/td>\n<\/tr>\n<tr class=\"row-6\">\n\t<td class=\"column-1\"><b>Publikationen<\/b><br \/>\n(Auswahl)<\/td><td class=\"column-2\">\u2022 Ritter, Thorwald: Das Geheimnis der Vers\u00f6hnung liegt in der Erinnerung. Die Juden von Klein-Krotzenburg und Hainstadt nach 1933. Frankfurt am Main 1994. <br \/>\n\u2022 Ritter, Thorwald: Die Synagoge der j\u00fcdischen Gemeinde von Klein-Krotzenburg. Frankfurt am Main 1997. <br \/>\n\u2022 Weih, Erich: J\u00fcdischer Friedhof Klein-Krotzenburg. Eine Dokumentation. Hrsg.: Heimat- und Geschichtsverein Hainburg e. V., Hainburg 1994. <br \/>\n<\/td>\n<\/tr>\n<\/tbody>\n<\/table>\n<!-- #tablepress-13 from cache -->\n<div class='printomatic pom-default ' id='id6192' alt='Seitentext drucken' title='Seitentext drucken' data-print_target='article'><\/div>\n","protected":false},"excerpt":{"rendered":"","protected":false},"author":1,"featured_media":0,"parent":0,"menu_order":0,"comment_status":"open","ping_status":"open","template":"page-full-width.php","meta":{"footnotes":""},"class_list":["entry","page","publish","author-admin","post-326"],"_links":{"self":[{"href":"https:\/\/www.lag-gedenken-in-hessen.de\/index.php?rest_route=\/wp\/v2\/pages\/326","targetHints":{"allow":["GET"]}}],"collection":[{"href":"https:\/\/www.lag-gedenken-in-hessen.de\/index.php?rest_route=\/wp\/v2\/pages"}],"about":[{"href":"https:\/\/www.lag-gedenken-in-hessen.de\/index.php?rest_route=\/wp\/v2\/types\/page"}],"author":[{"embeddable":true,"href":"https:\/\/www.lag-gedenken-in-hessen.de\/index.php?rest_route=\/wp\/v2\/users\/1"}],"replies":[{"embeddable":true,"href":"https:\/\/www.lag-gedenken-in-hessen.de\/index.php?rest_route=%2Fwp%2Fv2%2Fcomments&post=326"}],"version-history":[{"count":4,"href":"https:\/\/www.lag-gedenken-in-hessen.de\/index.php?rest_route=\/wp\/v2\/pages\/326\/revisions"}],"predecessor-version":[{"id":1221,"href":"https:\/\/www.lag-gedenken-in-hessen.de\/index.php?rest_route=\/wp\/v2\/pages\/326\/revisions\/1221"}],"wp:attachment":[{"href":"https:\/\/www.lag-gedenken-in-hessen.de\/index.php?rest_route=%2Fwp%2Fv2%2Fmedia&parent=326"}],"curies":[{"name":"wp","href":"https:\/\/api.w.org\/{rel}","templated":true}]}}