{"id":391,"date":"2014-10-22T07:02:41","date_gmt":"2014-10-22T05:02:41","guid":{"rendered":"http:\/\/wordpress.gedenken-in-hessen.de\/?page_id=391"},"modified":"2025-09-11T00:48:56","modified_gmt":"2025-09-10T22:48:56","slug":"rueckblende-gegen-das-vergessen-e-v-volkmarsen","status":"publish","type":"page","link":"https:\/\/www.lag-gedenken-in-hessen.de\/?page_id=391","title":{"rendered":"R\u00fcckblende gegen das Vergessen e. V. Volkmarsen"},"content":{"rendered":"<p data-wp-editing=\"1\">\n<img loading=\"lazy\" decoding=\"async\" class=\"aligncenter wp-image-1930 size-medium\" src=\"https:\/\/www.lag-gedenken-in-hessen.de\/wp-content\/uploads\/rueckblende-haus-264x300.jpg\" alt=\"\" width=\"264\" height=\"300\" srcset=\"https:\/\/www.lag-gedenken-in-hessen.de\/wp-content\/uploads\/rueckblende-haus-264x300.jpg 264w, https:\/\/www.lag-gedenken-in-hessen.de\/wp-content\/uploads\/rueckblende-haus-901x1024.jpg 901w, https:\/\/www.lag-gedenken-in-hessen.de\/wp-content\/uploads\/rueckblende-haus-768x873.jpg 768w, https:\/\/www.lag-gedenken-in-hessen.de\/wp-content\/uploads\/rueckblende-haus-1351x1536.jpg 1351w, https:\/\/www.lag-gedenken-in-hessen.de\/wp-content\/uploads\/rueckblende-haus-1801x2048.jpg 1801w, https:\/\/www.lag-gedenken-in-hessen.de\/wp-content\/uploads\/rueckblende-haus.jpg 1838w\" sizes=\"auto, (max-width: 264px) 100vw, 264px\" \/><\/p>\n\n<table id=\"tablepress-21\" class=\"tablepress tablepress-id-21\">\n<tbody class=\"row-striping\">\n<tr class=\"row-1\">\n\t<td class=\"column-1\"><b>Kurzbeschreibung<\/b>  <\/td><td class=\"column-2\">Der Verein wurde 1995 gegr\u00fcndet. Dem Verein geh\u00f6ren (Stand Dezember 2024) 152 Mitglieder aus verschiedenen Orten in Nordhessen und Ostwestfalen an.<\/td>\n<\/tr>\n<tr class=\"row-2\">\n\t<td class=\"column-1\"><b>Tr\u00e4ger \/<br \/>\nInitiative<\/b>  <\/td><td class=\"column-2\">R\u00fcckblende Gegen das Vergessen e.V., Volkmarsen mit Geschichtswerkstatt und Dauerausstellung zu j\u00fcdischem Leben in der Region.<\/td>\n<\/tr>\n<tr class=\"row-3\">\n\t<td class=\"column-1\"><br \/>\n<b>Information<\/b>  <\/td><td class=\"column-2\"><br \/>\n<strong>Ziele<\/strong> <br \/>\nDer Verein tritt ein f\u00fcr Toleranz und Achtung der Menschenw\u00fcrde, gegen Gewalt, Rassenhass und Ausgrenzung von Minderheiten. Wir wollen Wissen vermitteln, zum Nach-Denken anregen und durch die Vermittlung historischen Wissens die pers\u00f6nliche Urteilsf\u00e4higkeit st\u00e4rken. Mit unserer Geschichtswerkstatt m\u00f6chten wir erreichen, dass es keine \u201ewei\u00dfen Flecken\u201c mehr in der regionalen Geschichtsschreibung gibt und dass ein Verdr\u00e4ngen, Vergessen, Verf\u00e4lschen und Verleugnen wesentlicher Teile unserer Geschichte nicht mehr m\u00f6glich ist.<br \/>\n<br \/>\n<strong>Beschreibung <\/strong><br \/>\nSchwerpunkte der Vereinsarbeit <br \/>\n\u2022 Erforschung und Dokumentation der Geschichte deutsch-j\u00fcdischer Familien und der Ereignisse w\u00e4hrend der NS-Herrschaft <br \/>\n\u2022 Auffindung und Bewahrung der Zeugnisse deutsch-j\u00fcdischer Kultur in der Region (ehem. Landkreise Wolfhagen u. Waldeck) <br \/>\n\u2022 Aufzeichnung, Aufarbeitung und Ver\u00f6ffentlichung von Lebenserinnerungen der Zeitzeugen <br \/>\n\u2022 \u00d6ffentlichkeitsarbeit zur Information \u00fcber die NS-Zeit und die Schicksale j\u00fcdischer B\u00fcrger <br \/>\n\u2022 Enge Zusammenarbeit mit gleichgesinnten Gruppen und Institutionen <br \/>\n\u2022 Aufbau und Pflege von Kontakten mit den emigrierten Familien<br \/>\n<br \/>\n<strong>Angebot<\/strong> <br \/>\nGeschichtswerkstatt und Dauerausstellung: Informations- und Dokumentationszentrum zur deutsch-j\u00fcdischen Lokal- und Regionalgeschichte <br \/>\n<br \/>\nDie Dauerausstellung \u201edeutsch-j\u00fcdisches Leben in unserer Region im Lauf der Jahrhunderte\u201c ist nach mehreren Zwischenstationen seit 2018 im Gustav-H\u00fcneberg-Haus im Steinweg 24 in Volkmarsen untergebracht. Die Ausstellung vermittelt umfangreiches Wissen \u00fcber die fr\u00fcher in vielen St\u00e4dten und D\u00f6rfern der Region ans\u00e4ssigen j\u00fcdischen Einwohner. Im Jahr 2013 wurde im jahrhundertealten Gew\u00f6lbekeller eine Schachtmikwe (j\u00fcdisches Ritualbad) freigelegt. Diese Mikwe wurde Ende des 15. Jahrhundert gebaut und ist derzeit die zweit\u00e4lteste in Hessen freigelegte Mikwe. Das Gustav-H\u00fcneberg-Haus konnte nach Freilegung der Mikwe durch den Verein erworben werden.<br \/>\n<br \/>\nZahlreiche Exponate, Dokumente, Fotos, Zeitungsberichte und Ausschnitte aus Briefen schildern das Zusammenleben mit den nichtj\u00fcdischen Nachbarn. Pers\u00f6nliche Kurzberichte aus den Lebenserinnerungen j\u00fcdischer Zeitzeugen sowie verschiedene Video-Aufzeichnungen bieten eindrucksvolle Einblicke in die Lebenswege j\u00fcdischer Menschen aus der Region. <br \/>\n<br \/>\nDokumente, Zeitzeugenberichte und aussagekr\u00e4ftige Installationen geben Aufschluss \u00fcber die Zeiten der Verfolgung, der Deportationen und der Massenmorde in den Vernichtungslagern. <br \/>\n<br \/>\nDie Ausstellung berichtet auch \u00fcber die langj\u00e4hrige Arbeit des \u201eBr\u00fcckenbauens\u201c und die Besuche zahlreicher G\u00e4ste aus dem In- und Ausland. <br \/>\n<br \/>\nDer Verein f\u00fchrt nach Vereinbarung Stadtrundg\u00e4nge sowie F\u00fchrungen mit dem Schwerpunkt auf den Spuren j\u00fcdischen Lebens in der Stadt, Workshops und Veranstaltungen mit verschiedenen Themenschwerpunkten durch. <br \/>\n<br \/>\n<strong>\u00d6ffnungszeiten der Ausstellung:<\/strong> jeden ersten und dritten Sonntag im Monat von 14 \u2013 17 Uhr. In der Regel wird bei einer monatlichen \u00d6ffnung auch ein besonderer Programmpunkt, wie Lesungen, Konzerte, Sonderausstellungen angeboten. Ein Buchcaf\u00e9 l\u00e4dt bei Kaffee und Kuchen zum Verweilen ein. Bei entsprechender Witterung wird auch der Gartenbereich in die Angebote eingebunden. Weitere Besuchstermine - insbesondere auch f\u00fcr Schulklassen, Vereine und sonstige Gruppen - k\u00f6nnen jederzeit vereinbart werden.<br \/>\n<\/td>\n<\/tr>\n<tr class=\"row-4\">\n\t<td class=\"column-1\"><b>Standort<\/b>  <\/td><td class=\"column-2\">Gustav-H\u00fcneberg-Haus, Steinweg 24, 34471 Volkmarsen<\/td>\n<\/tr>\n<tr class=\"row-5\">\n\t<td class=\"column-1\"><b>Internet<\/b>  <\/td><td class=\"column-2\">eigene Website: <a href=\"http:\/\/www.rueckblende-volkmarsen.de\" target=\"_blank\">www.rueckblende-volkmarsen.de<\/a><br \/>\n<\/td>\n<\/tr>\n<tr class=\"row-6\">\n\t<td class=\"column-1\"><b>Ansprechpartner<\/b><\/td><td class=\"column-2\">Dr. Wolfgang Werner (Vorsitzender) Arno Walprecht und Theo Br\u00f6mmelhaus (stellv. Vorsitzende), Renate Walprecht (Schriftf\u00fchrerin), Manfred Flore (Kassierer), Karl Nitzge <br \/>\nAlle erreichbar \u00fcber: <a href=\"mailto:post@rueckblende-volkmarsen.de\" target=\"_blank\">mailto:post@rueckblende-volkmarsen.de<\/a> <br \/>\n<br \/>\n<\/td>\n<\/tr>\n<\/tbody>\n<\/table>\n<!-- #tablepress-21 from cache -->\n<div class='printomatic pom-default ' id='id942' alt='Seitentext drucken' title='Seitentext drucken' data-print_target='article'><\/div>\n","protected":false},"excerpt":{"rendered":"","protected":false},"author":1,"featured_media":0,"parent":0,"menu_order":0,"comment_status":"open","ping_status":"open","template":"page-full-width.php","meta":{"footnotes":""},"class_list":["entry","page","publish","author-admin","post-391"],"_links":{"self":[{"href":"https:\/\/www.lag-gedenken-in-hessen.de\/index.php?rest_route=\/wp\/v2\/pages\/391","targetHints":{"allow":["GET"]}}],"collection":[{"href":"https:\/\/www.lag-gedenken-in-hessen.de\/index.php?rest_route=\/wp\/v2\/pages"}],"about":[{"href":"https:\/\/www.lag-gedenken-in-hessen.de\/index.php?rest_route=\/wp\/v2\/types\/page"}],"author":[{"embeddable":true,"href":"https:\/\/www.lag-gedenken-in-hessen.de\/index.php?rest_route=\/wp\/v2\/users\/1"}],"replies":[{"embeddable":true,"href":"https:\/\/www.lag-gedenken-in-hessen.de\/index.php?rest_route=%2Fwp%2Fv2%2Fcomments&post=391"}],"version-history":[{"count":7,"href":"https:\/\/www.lag-gedenken-in-hessen.de\/index.php?rest_route=\/wp\/v2\/pages\/391\/revisions"}],"predecessor-version":[{"id":1932,"href":"https:\/\/www.lag-gedenken-in-hessen.de\/index.php?rest_route=\/wp\/v2\/pages\/391\/revisions\/1932"}],"wp:attachment":[{"href":"https:\/\/www.lag-gedenken-in-hessen.de\/index.php?rest_route=%2Fwp%2Fv2%2Fmedia&parent=391"}],"curies":[{"name":"wp","href":"https:\/\/api.w.org\/{rel}","templated":true}]}}