{"id":40,"date":"2014-10-20T07:58:45","date_gmt":"2014-10-20T05:58:45","guid":{"rendered":"http:\/\/wordpress.gedenken-in-hessen.de\/?page_id=40"},"modified":"2023-08-03T20:30:30","modified_gmt":"2023-08-03T18:30:30","slug":"impressum","status":"publish","type":"page","link":"https:\/\/www.lag-gedenken-in-hessen.de\/?page_id=40","title":{"rendered":"Impressum"},"content":{"rendered":"<hr \/>\n<p><strong>F\u00fcr: Landesarbeitsgemeinschaft der Gedenkst\u00e4tten und Erinnerungsinitiativen zur NS-Zeit in Hessen (LAG).<\/strong><br \/>\n<strong> Gem\u00e4\u00df \u00a7 28 BDSG widersprechen wir jeder kommerziellen Verwendung und Weitergabe unserer Daten.<\/strong><\/p>\n<p><strong>Verantwortungsbereich: Das Impressum gilt nur f\u00fcr die Internetpr\u00e4senz unter der Adresse: https:\/\/www.lag-gedenken-in-hessen.de, https:\/\/www.lag-erinnern-in-hessen.de.<\/strong><\/p>\n<p><strong>Abgrenzung: Die Web-Pr\u00e4senz ist Teil des WWW und dementsprechend mit fremden, sich jederzeit wandeln k\u00f6nnenden Web-Sites verkn\u00fcpft, die folglich auch nicht diesem Verantwortungsbereich unterliegen und f\u00fcr die nachfolgende Informationen nicht gelten. Dass die Links weder gegen Sitten noch Gesetze versto\u00dfen wurde genau einmal gepr\u00fcft: bevor sie hier aufgenommen wurden. Solche Links, die zu fremden Webprojekten f\u00fchren, erkennen Sie daran: Es geht bei Links auf fremde Webseiten ein neues Browserfenster auf.<\/strong><\/p>\n<p><strong>Derzeit verantwortliche Ansprechpartner*in f\u00fcr die<\/strong><br \/>\n<strong> Landesarbeitsgemeinschaft der Gedenkst\u00e4tten und Erinnerungsinitiativen zur NS-Zeit in Hessen ist:<\/strong><\/p>\n<p><strong>Dr. Ann Katrin D\u00fcben, <\/strong><strong>Leiterin der <\/strong><strong>Gedenkst\u00e4tte Breitenau<br \/>\n<\/strong><strong>Br\u00fcckenstra\u00dfe 12<\/strong><br \/>\n<strong> 34302 Guxhagen<\/strong><\/p>\n<p><strong>Schnelle elektronische und unmittelbare Kommunikation:<\/strong><br \/>\n<strong>\u00fcber eines der Mitglieder des Sprecher_innen-Rats. <\/strong><\/p>\n<p><strong>E-Mail:\u00a0 sprecher_innen@laggih.de<\/strong><\/p>\n<p><strong>Zweck dieses Webprojektes: <span style=\"color: #000000;\">siehe <a href=\"https:\/\/www.lag-gedenken-in-hessen.de\/?page_id=2\">Die LAG<\/a><\/span><a href=\"https:\/\/www.lag-gedenken-in-hessen.de\/?page_id=2\"> \/ Allgemeines<\/a><\/strong><\/p>\n<p><strong>Journalistisch-redaktionelle Verantwortung: <span style=\"color: #000000;\">Dr. Ann Katrin D\u00fcben<br \/>\n<\/span><\/strong><\/p>\n<p><strong>Logo LAG Hessen : Hessenkarte \u00a9 Autor: sashpictures, Bildnummer: 38978002 \/ Fotolia.com <\/strong><\/p>\n<p><strong>Urheberschutz und Nutzung: Der Urheber r\u00e4umt Ihnen ganz konkret das Nutzungsrecht ein, sich eine private Kopie f\u00fcr pers\u00f6nliche Zwecke anzufertigen. Nicht berechtigt sind Sie dagegen, die Materialien zu ver\u00e4ndern und \/ oder weiter zu geben oder gar selbst zu ver\u00f6ffentlichen.<\/strong><\/p>\n<p><strong>Wenn nicht ausdr\u00fccklich anders vermerkt, liegen die Urheberrechte \/ Nutzerrechte f\u00fcr Texte und Illustrationen bei: <\/strong><br \/>\n<strong> Landesarbeitsgemeinschaft der Gedenkst\u00e4tten und Erinnerungsinitiativen zur NS-Zeit in Hessen (LAG);<\/strong><br \/>\n<strong> f\u00fcr die Auftritte der einzelnen Initiativen: beim jeweiligen dortigen Ansprechpartner<\/strong><\/p>\n<p><strong>Datenschutz: Personenbezogene Daten werden nur mit Ihrem Wissen und Ihrer Einwilligung erhoben. Auf Antrag erhalten Sie unentgeltlich Auskunft zu den \u00fcber Sie gespeicherten personenbezogenen Daten. Wenden Sie sich dazu bitte an: admin[at]gedenken-in-hesssen.de<\/strong><\/p>\n<p><strong>Keine Haftung: Die Inhalte dieses Webprojektes wurden sorgf\u00e4ltig gepr\u00fcft und nach bestem Wissen erstellt. Aber f\u00fcr die hier dargebotenen Informationen wird kein Anspruch auf Vollst\u00e4ndigkeit, Aktualit\u00e4t, Qualit\u00e4t und Richtigkeit erhoben. Es kann keine Verantwortung f\u00fcr Sch\u00e4den \u00fcbernommen werden, die durch das Vertrauen auf die Inhalte dieser Website oder deren Gebrauch entstehen.<\/strong><\/p>\n<p><strong>Schutzrechtsverletzung: Falls Sie vermuten, dass von dieser Website aus eines Ihrer Schutzrechte verletzt wird, teilen Sie das bitte umgehend per elektronischer Post mit, damit z\u00fcgig Abhilfe geschafft werden kann. Bitte nehmen Sie zur Kenntnis: Die zeitaufw\u00e4ndigere Einschaltung eines Anwaltes zur f\u00fcr den Diensteanbieter kostenpflichtigen Abmahnung entspricht nicht dessen wirklichem oder mutma\u00dflichem Willen.<\/strong><\/p>\n<p><strong>Linken erlaubt: Wir freuen uns, wenn Sie einen Link zu uns legen.<\/strong><\/p>\n<hr \/>\n<p><strong>Technischer Betreuer und derjenige, der die Website f\u00fcr die Bed\u00fcrfnisse der LAG anpasst, ist<\/strong><br \/>\n<strong> Dr. Rudolf Ostermann &#8211; E-Mail:\u00a0 rowoster@web.de<br \/>\n<\/strong><\/p>\n<h2><strong>Disclaimer<\/strong><\/h2>\n<p><span style=\"text-decoration: underline;\"><strong>Haftung f\u00fcr Inhalte<\/strong><\/span><\/p>\n<p><strong>Die Inhalte unserer Seiten wurden mit gr\u00f6\u00dfter Sorgfalt erstellt. F\u00fcr die Richtigkeit, Vollst\u00e4ndigkeit und Aktualit\u00e4t der Inhalte k\u00f6nnen wir jedoch keine Gew\u00e4hr \u00fcbernehmen. Als Diensteanbieter sind wir gem\u00e4\u00df \u00a7 7 Abs.1 TMG f\u00fcr eigene Inhalte auf diesen Seiten nach den allgemeinen Gesetzen verantwortlich. Nach \u00a7\u00a7 8 bis 10 TMG sind wir als Diensteanbieter jedoch nicht verpflichtet, \u00fcbermittelte oder gespeicherte fremde Informationen zu \u00fcberwachen oder nach Umst\u00e4nden zu forschen, die auf eine rechtswidrige T\u00e4tigkeit hinweisen. Verpflichtungen zur Entfernung oder Sperrung der Nutzung von Informationen nach den allgemeinen Gesetzen bleiben hiervon unber\u00fchrt. Eine diesbez\u00fcgliche Haftung ist jedoch erst ab dem Zeitpunkt der Kenntnis einer konkreten Rechtsverletzung m\u00f6glich. Bei Bekanntwerden von entsprechenden Rechtsverletzungen werden wir diese Inhalte umgehend entfernen.<\/strong><\/p>\n<p><span style=\"text-decoration: underline;\"><strong>Haftung f\u00fcr Links<\/strong><\/span><\/p>\n<p><strong>Unser Angebot enth\u00e4lt Links zu externen Webseiten Dritter, auf deren Inhalte wir keinen Einfluss haben. Deshalb k\u00f6nnen wir f\u00fcr diese fremden Inhalte auch keine Gew\u00e4hr \u00fcbernehmen. F\u00fcr die Inhalte der verlinkten Seiten ist stets der jeweilige Anbieter oder Betreiber der Seiten verantwortlich. Die verlinkten Seiten wurden zum Zeitpunkt der Verlinkung auf m\u00f6gliche Rechtsverst\u00f6\u00dfe \u00fcberpr\u00fcft. Rechtswidrige Inhalte waren zum Zeitpunkt der Verlinkung nicht erkennbar. Eine permanente inhaltliche Kontrolle der verlinkten Seiten ist jedoch ohne konkrete Anhaltspunkte einer Rechtsverletzung nicht zumutbar. Bei Bekanntwerden von Rechtsverletzungen werden wir derartige Links umgehend entfernen.<\/strong><\/p>\n<p><span style=\"text-decoration: underline;\"><strong>Urheberrecht<\/strong><\/span><\/p>\n<p><strong>Die durch die Seitenbetreiber erstellten Inhalte und Werke auf diesen Seiten unterliegen dem deutschen Urheberrecht. Die Vervielf\u00e4ltigung, Bearbeitung, Verbreitung und jede Art der Verwertung au\u00dferhalb der Grenzen des Urheberrechtes bed\u00fcrfen der schriftlichen Zustimmung des jeweiligen Autors bzw. Erstellers. Downloads und Kopien dieser Seite sind nur f\u00fcr den privaten, nicht kommerziellen Gebrauch gestattet. Soweit die Inhalte auf dieser Seite nicht vom Betreiber erstellt wurden, werden die Urheberrechte Dritter beachtet. Insbesondere werden Inhalte Dritter als solche gekennzeichnet. Sollten Sie trotzdem auf eine Urheberrechtsverletzung aufmerksam werden, bitten wir um einen entsprechenden Hinweis. Bei Bekanntwerden von Rechtsverletzungen werden wir derartige Inhalte umgehend entfernen.<\/strong><\/p>\n<p><span style=\"text-decoration: underline;\"><strong>Datenschutz<\/strong><\/span><\/p>\n<p><strong>Die Nutzung unserer Webseite ist in der Regel ohne Angabe personenbezogener Daten m\u00f6glich. Soweit auf unseren Seiten personenbezogene Daten (beispielsweise Name, Anschrift oder eMail-Adressen) erhoben werden, erfolgt dies, soweit m\u00f6glich, stets auf freiwilliger Basis. Diese Daten werden ohne Ihre ausdr\u00fcckliche Zustimmung nicht an Dritte weitergegeben.<\/strong><\/p>\n<p><strong>Wir weisen darauf hin, dass die Daten\u00fcbertragung im Internet (z.B. bei der Kommunikation per E-Mail) Sicherheitsl\u00fccken aufweisen kann. Ein l\u00fcckenloser Schutz der Daten vor dem Zugriff durch Dritte ist nicht m\u00f6glich.<\/strong><\/p>\n<p><strong>Der Nutzung von im Rahmen der Impressumspflicht ver\u00f6ffentlichten Kontaktdaten durch Dritte zur \u00dcbersendung von nicht ausdr\u00fccklich angeforderter Werbung und Informationsmaterialien wird hiermit ausdr\u00fccklich widersprochen. Die Betreiber der Seiten behalten sich ausdr\u00fccklich rechtliche Schritte im Falle der unverlangten Zusendung von Werbeinformationen, etwa durch Spam-Mails, vor.<\/strong><\/p>\n<p><strong><i>Quellenangaben: <a href=\"http:\/\/www.e-recht24.de\/artikel\/datenschutz\/6590-facebook-like-button-datenschutz-disclaimer.html\" target=\"_blank\" rel=\"noopener noreferrer\">Facebook Datenschutzerkl\u00e4rung<\/a>, <a href=\"http:\/\/www.e-recht24.de\/artikel\/datenschutz\/6635-datenschutz-rechtliche-risiken-bei-der-nutzung-von-google-analytics-und-googleadsense.html\" target=\"_blank\" rel=\"noopener noreferrer\">Google Adsense Haftungsausschluss<\/a>, <a href=\"http:\/\/www.google.com\/intl\/de\/analytics\/privacyoverview.html\" target=\"_blank\" rel=\"noopener noreferrer\">Google Analytics Bedingungen<\/a>, <a href=\"http:\/\/www.google.com\/intl\/de\/+\/policy\/+1button.html\" target=\"_blank\" rel=\"noopener noreferrer\">Google +1 Datenschutzerkl\u00e4rung<\/a>, <a href=\"http:\/\/twitter.com\/privacy\" target=\"_blank\" rel=\"noopener noreferrer\">Datenschutzerkl\u00e4rung Twitter<\/a><\/i><\/strong><\/p>\n<p><strong>Impressum nach dem Muster von: <a href=\"http:\/\/www.abmahnwelle.de\" target=\"_blank\" rel=\"noopener noreferrer\">http:\/\/www.abmahnwelle.de<\/a><\/strong><\/p>\n","protected":false},"excerpt":{"rendered":"<p>F\u00fcr: Landesarbeitsgemeinschaft der Gedenkst\u00e4tten und Erinnerungsinitiativen zur NS-Zeit in Hessen (LAG). Gem\u00e4\u00df \u00a7 28 BDSG widersprechen wir jeder kommerziellen Verwendung und Weitergabe unserer Daten. Verantwortungsbereich: Das Impressum gilt nur f\u00fcr die Internetpr\u00e4senz unter der Adresse: https:\/\/www.lag-gedenken-in-hessen.de, https:\/\/www.lag-erinnern-in-hessen.de. Abgrenzung: Die Web-Pr\u00e4senz ist Teil des WWW und dementsprechend mit fremden, sich jederzeit wandeln k\u00f6nnenden Web-Sites verkn\u00fcpft, die &#8230; <span class=\"more\"><a class=\"more-link\" href=\"https:\/\/www.lag-gedenken-in-hessen.de\/?page_id=40\">[weiterlesen&#8230;]<\/a><\/span><\/p>\n","protected":false},"author":1,"featured_media":0,"parent":38,"menu_order":0,"comment_status":"open","ping_status":"open","template":"page-full-width.php","meta":{"footnotes":""},"class_list":["entry","page","publish","author-admin","post-40"],"_links":{"self":[{"href":"https:\/\/www.lag-gedenken-in-hessen.de\/index.php?rest_route=\/wp\/v2\/pages\/40","targetHints":{"allow":["GET"]}}],"collection":[{"href":"https:\/\/www.lag-gedenken-in-hessen.de\/index.php?rest_route=\/wp\/v2\/pages"}],"about":[{"href":"https:\/\/www.lag-gedenken-in-hessen.de\/index.php?rest_route=\/wp\/v2\/types\/page"}],"author":[{"embeddable":true,"href":"https:\/\/www.lag-gedenken-in-hessen.de\/index.php?rest_route=\/wp\/v2\/users\/1"}],"replies":[{"embeddable":true,"href":"https:\/\/www.lag-gedenken-in-hessen.de\/index.php?rest_route=%2Fwp%2Fv2%2Fcomments&post=40"}],"version-history":[{"count":22,"href":"https:\/\/www.lag-gedenken-in-hessen.de\/index.php?rest_route=\/wp\/v2\/pages\/40\/revisions"}],"predecessor-version":[{"id":1723,"href":"https:\/\/www.lag-gedenken-in-hessen.de\/index.php?rest_route=\/wp\/v2\/pages\/40\/revisions\/1723"}],"up":[{"embeddable":true,"href":"https:\/\/www.lag-gedenken-in-hessen.de\/index.php?rest_route=\/wp\/v2\/pages\/38"}],"wp:attachment":[{"href":"https:\/\/www.lag-gedenken-in-hessen.de\/index.php?rest_route=%2Fwp%2Fv2%2Fmedia&parent=40"}],"curies":[{"name":"wp","href":"https:\/\/api.w.org\/{rel}","templated":true}]}}

<hr />
<p><strong>Für: Landesarbeitsgemeinschaft der Gedenkstätten und Erinnerungsinitiativen zur NS-Zeit in Hessen (LAG).</strong><br />
<strong> Gemäß § 28 BDSG widersprechen wir jeder kommerziellen Verwendung und Weitergabe unserer Daten.</strong></p>
<p><strong>Verantwortungsbereich: Das Impressum gilt nur für die Internetpräsenz unter der Adresse: https://www.lag-gedenken-in-hessen.de, https://www.lag-erinnern-in-hessen.de.</strong></p>
<p><strong>Abgrenzung: Die Web-Präsenz ist Teil des WWW und dementsprechend mit fremden, sich jederzeit wandeln könnenden Web-Sites verknüpft, die folglich auch nicht diesem Verantwortungsbereich unterliegen und für die nachfolgende Informationen nicht gelten. Dass die Links weder gegen Sitten noch Gesetze verstoßen wurde genau einmal geprüft: bevor sie hier aufgenommen wurden. Solche Links, die zu fremden Webprojekten führen, erkennen Sie daran: Es geht bei Links auf fremde Webseiten ein neues Browserfenster auf.</strong></p>
<p><strong>Derzeit verantwortliche Ansprechpartner*in für die</strong><br />
<strong> Landesarbeitsgemeinschaft der Gedenkstätten und Erinnerungsinitiativen zur NS-Zeit in Hessen ist:</strong></p>
<p><strong>Dr. Ann Katrin Düben, </strong><strong>Leiterin der </strong><strong>Gedenkstätte Breitenau<br />
</strong><strong>Brückenstraße 12</strong><br />
<strong> 34302 Guxhagen</strong></p>
<p><strong>Schnelle elektronische und unmittelbare Kommunikation:</strong><br />
<strong>über eines der Mitglieder des Sprecher_innen-Rats. </strong></p>
<p><strong>E-Mail:  sprecher_innen@laggih.de</strong></p>
<p><strong>Zweck dieses Webprojektes: <span style="color: #000000;">siehe <a href="https://www.lag-gedenken-in-hessen.de/?page_id=2">Die LAG</a></span><a href="https://www.lag-gedenken-in-hessen.de/?page_id=2"> / Allgemeines</a></strong></p>
<p><strong>Journalistisch-redaktionelle Verantwortung: <span style="color: #000000;">Dr. Ann Katrin Düben<br />
</span></strong></p>
<p><strong>Logo LAG Hessen : Hessenkarte © Autor: sashpictures, Bildnummer: 38978002 / Fotolia.com </strong></p>
<p><strong>Urheberschutz und Nutzung: Der Urheber räumt Ihnen ganz konkret das Nutzungsrecht ein, sich eine private Kopie für persönliche Zwecke anzufertigen. Nicht berechtigt sind Sie dagegen, die Materialien zu verändern und / oder weiter zu geben oder gar selbst zu veröffentlichen.</strong></p>
<p><strong>Wenn nicht ausdrücklich anders vermerkt, liegen die Urheberrechte / Nutzerrechte für Texte und Illustrationen bei: </strong><br />
<strong> Landesarbeitsgemeinschaft der Gedenkstätten und Erinnerungsinitiativen zur NS-Zeit in Hessen (LAG);</strong><br />
<strong> für die Auftritte der einzelnen Initiativen: beim jeweiligen dortigen Ansprechpartner</strong></p>
<p><strong>Datenschutz: Personenbezogene Daten werden nur mit Ihrem Wissen und Ihrer Einwilligung erhoben. Auf Antrag erhalten Sie unentgeltlich Auskunft zu den über Sie gespeicherten personenbezogenen Daten. Wenden Sie sich dazu bitte an: admin[at]gedenken-in-hesssen.de</strong></p>
<p><strong>Keine Haftung: Die Inhalte dieses Webprojektes wurden sorgfältig geprüft und nach bestem Wissen erstellt. Aber für die hier dargebotenen Informationen wird kein Anspruch auf Vollständigkeit, Aktualität, Qualität und Richtigkeit erhoben. Es kann keine Verantwortung für Schäden übernommen werden, die durch das Vertrauen auf die Inhalte dieser Website oder deren Gebrauch entstehen.</strong></p>
<p><strong>Schutzrechtsverletzung: Falls Sie vermuten, dass von dieser Website aus eines Ihrer Schutzrechte verletzt wird, teilen Sie das bitte umgehend per elektronischer Post mit, damit zügig Abhilfe geschafft werden kann. Bitte nehmen Sie zur Kenntnis: Die zeitaufwändigere Einschaltung eines Anwaltes zur für den Diensteanbieter kostenpflichtigen Abmahnung entspricht nicht dessen wirklichem oder mutmaßlichem Willen.</strong></p>
<p><strong>Linken erlaubt: Wir freuen uns, wenn Sie einen Link zu uns legen.</strong></p>
<hr />
<p><strong>Technischer Betreuer und derjenige, der die Website für die Bedürfnisse der LAG anpasst, ist</strong><br />
<strong> Dr. Rudolf Ostermann &#8211; E-Mail:  rowoster@web.de<br />
</strong></p>
<h2><strong>Disclaimer</strong></h2>
<p><span style="text-decoration: underline;"><strong>Haftung für Inhalte</strong></span></p>
<p><strong>Die Inhalte unserer Seiten wurden mit größter Sorgfalt erstellt. Für die Richtigkeit, Vollständigkeit und Aktualität der Inhalte können wir jedoch keine Gewähr übernehmen. Als Diensteanbieter sind wir gemäß § 7 Abs.1 TMG für eigene Inhalte auf diesen Seiten nach den allgemeinen Gesetzen verantwortlich. Nach §§ 8 bis 10 TMG sind wir als Diensteanbieter jedoch nicht verpflichtet, übermittelte oder gespeicherte fremde Informationen zu überwachen oder nach Umständen zu forschen, die auf eine rechtswidrige Tätigkeit hinweisen. Verpflichtungen zur Entfernung oder Sperrung der Nutzung von Informationen nach den allgemeinen Gesetzen bleiben hiervon unberührt. Eine diesbezügliche Haftung ist jedoch erst ab dem Zeitpunkt der Kenntnis einer konkreten Rechtsverletzung möglich. Bei Bekanntwerden von entsprechenden Rechtsverletzungen werden wir diese Inhalte umgehend entfernen.</strong></p>
<p><span style="text-decoration: underline;"><strong>Haftung für Links</strong></span></p>
<p><strong>Unser Angebot enthält Links zu externen Webseiten Dritter, auf deren Inhalte wir keinen Einfluss haben. Deshalb können wir für diese fremden Inhalte auch keine Gewähr übernehmen. Für die Inhalte der verlinkten Seiten ist stets der jeweilige Anbieter oder Betreiber der Seiten verantwortlich. Die verlinkten Seiten wurden zum Zeitpunkt der Verlinkung auf mögliche Rechtsverstöße überprüft. Rechtswidrige Inhalte waren zum Zeitpunkt der Verlinkung nicht erkennbar. Eine permanente inhaltliche Kontrolle der verlinkten Seiten ist jedoch ohne konkrete Anhaltspunkte einer Rechtsverletzung nicht zumutbar. Bei Bekanntwerden von Rechtsverletzungen werden wir derartige Links umgehend entfernen.</strong></p>
<p><span style="text-decoration: underline;"><strong>Urheberrecht</strong></span></p>
<p><strong>Die durch die Seitenbetreiber erstellten Inhalte und Werke auf diesen Seiten unterliegen dem deutschen Urheberrecht. Die Vervielfältigung, Bearbeitung, Verbreitung und jede Art der Verwertung außerhalb der Grenzen des Urheberrechtes bedürfen der schriftlichen Zustimmung des jeweiligen Autors bzw. Erstellers. Downloads und Kopien dieser Seite sind nur für den privaten, nicht kommerziellen Gebrauch gestattet. Soweit die Inhalte auf dieser Seite nicht vom Betreiber erstellt wurden, werden die Urheberrechte Dritter beachtet. Insbesondere werden Inhalte Dritter als solche gekennzeichnet. Sollten Sie trotzdem auf eine Urheberrechtsverletzung aufmerksam werden, bitten wir um einen entsprechenden Hinweis. Bei Bekanntwerden von Rechtsverletzungen werden wir derartige Inhalte umgehend entfernen.</strong></p>
<p><span style="text-decoration: underline;"><strong>Datenschutz</strong></span></p>
<p><strong>Die Nutzung unserer Webseite ist in der Regel ohne Angabe personenbezogener Daten möglich. Soweit auf unseren Seiten personenbezogene Daten (beispielsweise Name, Anschrift oder eMail-Adressen) erhoben werden, erfolgt dies, soweit möglich, stets auf freiwilliger Basis. Diese Daten werden ohne Ihre ausdrückliche Zustimmung nicht an Dritte weitergegeben.</strong></p>
<p><strong>Wir weisen darauf hin, dass die Datenübertragung im Internet (z.B. bei der Kommunikation per E-Mail) Sicherheitslücken aufweisen kann. Ein lückenloser Schutz der Daten vor dem Zugriff durch Dritte ist nicht möglich.</strong></p>
<p><strong>Der Nutzung von im Rahmen der Impressumspflicht veröffentlichten Kontaktdaten durch Dritte zur Übersendung von nicht ausdrücklich angeforderter Werbung und Informationsmaterialien wird hiermit ausdrücklich widersprochen. Die Betreiber der Seiten behalten sich ausdrücklich rechtliche Schritte im Falle der unverlangten Zusendung von Werbeinformationen, etwa durch Spam-Mails, vor.</strong></p>
<p><strong><i>Quellenangaben: <a href="http://www.e-recht24.de/artikel/datenschutz/6590-facebook-like-button-datenschutz-disclaimer.html" target="_blank" rel="noopener noreferrer">Facebook Datenschutzerklärung</a>, <a href="http://www.e-recht24.de/artikel/datenschutz/6635-datenschutz-rechtliche-risiken-bei-der-nutzung-von-google-analytics-und-googleadsense.html" target="_blank" rel="noopener noreferrer">Google Adsense Haftungsausschluss</a>, <a href="http://www.google.com/intl/de/analytics/privacyoverview.html" target="_blank" rel="noopener noreferrer">Google Analytics Bedingungen</a>, <a href="http://www.google.com/intl/de/+/policy/+1button.html" target="_blank" rel="noopener noreferrer">Google +1 Datenschutzerklärung</a>, <a href="http://twitter.com/privacy" target="_blank" rel="noopener noreferrer">Datenschutzerklärung Twitter</a></i></strong></p>
<p><strong>Impressum nach dem Muster von: <a href="http://www.abmahnwelle.de" target="_blank" rel="noopener noreferrer">http://www.abmahnwelle.de</a></strong></p>

<p>Für: Landesarbeitsgemeinschaft der Gedenkstätten und Erinnerungsinitiativen zur NS-Zeit in Hessen (LAG). Gemäß § 28 BDSG widersprechen wir jeder kommerziellen Verwendung und Weitergabe unserer Daten. Verantwortungsbereich: Das Impressum gilt nur für die Internetpräsenz unter der Adresse: https://www.lag-gedenken-in-hessen.de, https://www.lag-erinnern-in-hessen.de. Abgrenzung: Die Web-Präsenz ist Teil des WWW und dementsprechend mit fremden, sich jederzeit wandeln könnenden Web-Sites verknüpft, die &#8230; <span class="more"><a class="more-link" href="https://www.lag-gedenken-in-hessen.de/?page_id=40">[weiterlesen&#8230;]</a></span></p>
